{"id":502,"date":"2018-04-11T14:52:54","date_gmt":"2018-04-11T12:52:54","guid":{"rendered":"http:\/\/www.projekt-vera.de\/wordpress\/?page_id=502"},"modified":"2023-06-06T10:22:12","modified_gmt":"2023-06-06T08:22:12","slug":"ansprechpartner-vera-8-nordrhein-westphalen","status":"publish","type":"page","link":"https:\/\/www.projekt-vera.de\/wordpress\/?page_id=502","title":{"rendered":"Ansprechpartner VERA 3: Nordrhein-Westfalen"},"content":{"rendered":"<h4>Qualit\u00e4ts- und Unterst\u00fctzungsagentur &#8211; Landesinstitut f\u00fcr Schule NRW<\/h4>\n<h3>Projektleitung: Kevin Isaac<\/h3>\n<p>Paradieser Weg 64<br \/>\n59494 Soest<br \/>\n<strong>Tel.:<\/strong> 02921 \/ 683 &#8211; 9993<br \/>\n<strong>Fax:<\/strong> 02921 \/ 683 &#8211; 1109<br \/>\n<strong>E-Mail:<\/strong> <a href=\"mailto:vera3@qua-lis.nrw.de\">vera3@qua-lis.nrw.de<\/a><\/p>\n<hr>\n<p><strong>Support in Landau:<\/strong><\/p>\n<p><strong>E-Mail:<\/strong> <a href=\"mailto:support@projekt-vera.de\">support@projekt-vera.de<\/a><\/p>\n<hr>\n<p><strong>weitere Informationen:<\/strong><\/p>\n<figure id=\"attachment_503\" aria-describedby=\"caption-attachment-503\" style=\"width: 272px\" class=\"wp-caption alignnone\"><a href=\"https:\/\/www.schulentwicklung.nrw.de\/e\/vera3\" target=\"_blank\" rel=\"noopener\"><img decoding=\"async\" loading=\"lazy\" class=\"wp-image-503 size-full\" src=\"http:\/\/www.projekt-vera.de\/wordpress\/wp-content\/uploads\/2018\/04\/qualis_nrw.png\" alt=\"\" width=\"272\" height=\"78\"><\/a><figcaption id=\"caption-attachment-503\" class=\"wp-caption-text\">VERA in NRW<\/figcaption><\/figure>\n","protected":false},"excerpt":{"rendered":"<p>Qualit\u00e4ts- und Unterst\u00fctzungsagentur &#8211; Landesinstitut f\u00fcr Schule NRW Projektleitung: Kevin Isaac Paradieser Weg 64 59494 Soest Tel.: 02921 \/ 683 &#8211; 9993 Fax: 02921 \/ 683 &#8211; 1109 E-Mail: vera3@qua-lis.nrw.de Support in Landau: E-Mail: support@projekt-vera.de weitere Informationen:<\/p>\n","protected":false},"author":1,"featured_media":0,"parent":458,"menu_order":0,"comment_status":"closed","ping_status":"closed","template":"","meta":[],"categories":[5],"_links":{"self":[{"href":"https:\/\/www.projekt-vera.de\/wordpress\/index.php?rest_route=\/wp\/v2\/pages\/502"}],"collection":[{"href":"https:\/\/www.projekt-vera.de\/wordpress\/index.php?rest_route=\/wp\/v2\/pages"}],"about":[{"href":"https:\/\/www.projekt-vera.de\/wordpress\/index.php?rest_route=\/wp\/v2\/types\/page"}],"author":[{"embeddable":true,"href":"https:\/\/www.projekt-vera.de\/wordpress\/index.php?rest_route=\/wp\/v2\/users\/1"}],"replies":[{"embeddable":true,"href":"https:\/\/www.projekt-vera.de\/wordpress\/index.php?rest_route=%2Fwp%2Fv2%2Fcomments&post=502"}],"version-history":[{"count":12,"href":"https:\/\/www.projekt-vera.de\/wordpress\/index.php?rest_route=\/wp\/v2\/pages\/502\/revisions"}],"predecessor-version":[{"id":833,"href":"https:\/\/www.projekt-vera.de\/wordpress\/index.php?rest_route=\/wp\/v2\/pages\/502\/revisions\/833"}],"up":[{"embeddable":true,"href":"https:\/\/www.projekt-vera.de\/wordpress\/index.php?rest_route=\/wp\/v2\/pages\/458"}],"wp:attachment":[{"href":"https:\/\/www.projekt-vera.de\/wordpress\/index.php?rest_route=%2Fwp%2Fv2%2Fmedia&parent=502"}],"wp:term":[{"taxonomy":"category","embeddable":true,"href":"https:\/\/www.projekt-vera.de\/wordpress\/index.php?rest_route=%2Fwp%2Fv2%2Fcategories&post=502"}],"curies":[{"name":"wp","href":"https:\/\/api.w.org\/{rel}","templated":true}]}}