{"id":518,"date":"2018-04-11T15:08:39","date_gmt":"2018-04-11T13:08:39","guid":{"rendered":"http:\/\/www.projekt-vera.de\/wordpress\/?page_id=518"},"modified":"2025-04-04T17:39:51","modified_gmt":"2025-04-04T15:39:51","slug":"ansprechpartner-vera-3-saarland","status":"publish","type":"page","link":"https:\/\/www.projekt-vera.de\/wordpress\/?page_id=518","title":{"rendered":"Ansprechpartner VERA 3: Saarland"},"content":{"rendered":"<h3>Ministerium f\u00fcr Bildung und Kultur<\/h3>\n<h3>Referat B7 Qualit\u00e4tssicherung allgemeinbildende Schulen<\/h3>\n<p>Trierer Stra\u00dfe 33<br \/>\n66111 Saarbr\u00fccken<\/p>\n<p><strong>weitere Informationen:<\/strong><\/p>\n<figure id=\"attachment_522\" aria-describedby=\"caption-attachment-522\" style=\"width: 294px\" class=\"wp-caption alignnone\"><a href=\"http:\/\/www.saarland.de\/69152.htm\" target=\"_blank\" rel=\"noopener\"><img decoding=\"async\" loading=\"lazy\" class=\"wp-image-522 size-full\" src=\"http:\/\/www.projekt-vera.de\/wordpress\/wp-content\/uploads\/2018\/04\/bildungsserver_saar.png\" alt=\"\" width=\"294\" height=\"119\" \/><\/a><figcaption id=\"caption-attachment-522\" class=\"wp-caption-text\">saarl\u00e4ndischer Bildungsserver<\/figcaption><\/figure>\n","protected":false},"excerpt":{"rendered":"<p>Ministerium f\u00fcr Bildung und Kultur Referat B7 Qualit\u00e4tssicherung allgemeinbildende Schulen Trierer Stra\u00dfe 33 66111 Saarbr\u00fccken weitere Informationen:<\/p>\n","protected":false},"author":1,"featured_media":0,"parent":458,"menu_order":0,"comment_status":"closed","ping_status":"closed","template":"","meta":[],"categories":[5],"_links":{"self":[{"href":"https:\/\/www.projekt-vera.de\/wordpress\/index.php?rest_route=\/wp\/v2\/pages\/518"}],"collection":[{"href":"https:\/\/www.projekt-vera.de\/wordpress\/index.php?rest_route=\/wp\/v2\/pages"}],"about":[{"href":"https:\/\/www.projekt-vera.de\/wordpress\/index.php?rest_route=\/wp\/v2\/types\/page"}],"author":[{"embeddable":true,"href":"https:\/\/www.projekt-vera.de\/wordpress\/index.php?rest_route=\/wp\/v2\/users\/1"}],"replies":[{"embeddable":true,"href":"https:\/\/www.projekt-vera.de\/wordpress\/index.php?rest_route=%2Fwp%2Fv2%2Fcomments&post=518"}],"version-history":[{"count":5,"href":"https:\/\/www.projekt-vera.de\/wordpress\/index.php?rest_route=\/wp\/v2\/pages\/518\/revisions"}],"predecessor-version":[{"id":872,"href":"https:\/\/www.projekt-vera.de\/wordpress\/index.php?rest_route=\/wp\/v2\/pages\/518\/revisions\/872"}],"up":[{"embeddable":true,"href":"https:\/\/www.projekt-vera.de\/wordpress\/index.php?rest_route=\/wp\/v2\/pages\/458"}],"wp:attachment":[{"href":"https:\/\/www.projekt-vera.de\/wordpress\/index.php?rest_route=%2Fwp%2Fv2%2Fmedia&parent=518"}],"wp:term":[{"taxonomy":"category","embeddable":true,"href":"https:\/\/www.projekt-vera.de\/wordpress\/index.php?rest_route=%2Fwp%2Fv2%2Fcategories&post=518"}],"curies":[{"name":"wp","href":"https:\/\/api.w.org\/{rel}","templated":true}]}}